{"id":17,"date":"2025-04-14T08:19:45","date_gmt":"2025-04-14T08:19:45","guid":{"rendered":"https:\/\/clericat-templier.com\/?page_id=17"},"modified":"2026-06-04T08:02:50","modified_gmt":"2026-06-04T08:02:50","slug":"accueil","status":"publish","type":"page","link":"https:\/\/clericat-templier.com\/","title":{"rendered":"ACCUEIL"},"content":{"rendered":"<p>[et_pb_section fb_built=\u00a0\u00bb1&Prime; fullwidth=\u00a0\u00bbon\u00a0\u00bb _builder_version=\u00a0\u00bb4.27.4&Prime; _module_preset=\u00a0\u00bbdefault\u00a0\u00bb global_colors_info=\u00a0\u00bb{}\u00a0\u00bb][\/et_pb_section][et_pb_section fb_built=\u00a0\u00bb1&Prime; fullwidth=\u00a0\u00bbon\u00a0\u00bb _builder_version=\u00a0\u00bb4.27.4&Prime; _module_preset=\u00a0\u00bbdefault\u00a0\u00bb global_colors_info=\u00a0\u00bb{}\u00a0\u00bb][et_pb_fullwidth_image src=\u00a0\u00bbhttps:\/\/clericat-templier.com\/wp-content\/uploads\/2025\/04\/head_hcch2.jpg\u00a0\u00bb title_text=\u00a0\u00bbhead_hcch2&Prime; _builder_version=\u00a0\u00bb4.27.4&Prime; _module_preset=\u00a0\u00bbdefault\u00a0\u00bb global_colors_info=\u00a0\u00bb{}\u00a0\u00bb][\/et_pb_fullwidth_image][\/et_pb_section][et_pb_section fb_built=\u00a0\u00bb1&Prime; _builder_version=\u00a0\u00bb4.27.4&Prime; _module_preset=\u00a0\u00bbdefault\u00a0\u00bb global_colors_info=\u00a0\u00bb{}\u00a0\u00bb][et_pb_row _builder_version=\u00a0\u00bb4.27.4&Prime; _module_preset=\u00a0\u00bbdefault\u00a0\u00bb custom_margin=\u00a0\u00bb-9px|auto||auto||\u00a0\u00bb global_colors_info=\u00a0\u00bb{}\u00a0\u00bb][et_pb_column type=\u00a0\u00bb4_4&Prime; _builder_version=\u00a0\u00bb4.27.4&Prime; _module_preset=\u00a0\u00bbdefault\u00a0\u00bb global_colors_info=\u00a0\u00bb{}\u00a0\u00bb][et_pb_image src=\u00a0\u00bbhttps:\/\/clericat-templier.com\/wp-content\/uploads\/2025\/04\/historique_clericat.png\u00a0\u00bb title_text=\u00a0\u00bbhistorique_clericat\u00a0\u00bb align=\u00a0\u00bbcenter\u00a0\u00bb _builder_version=\u00a0\u00bb4.27.4&Prime; _module_preset=\u00a0\u00bbdefault\u00a0\u00bb custom_margin=\u00a0\u00bb-30px|||||\u00a0\u00bb global_colors_info=\u00a0\u00bb{}\u00a0\u00bb][\/et_pb_image][\/et_pb_column][\/et_pb_row][et_pb_row column_structure=\u00a0\u00bb1_2,1_2&Prime; _builder_version=\u00a0\u00bb4.27.4&Prime; _module_preset=\u00a0\u00bbdefault\u00a0\u00bb global_colors_info=\u00a0\u00bb{}\u00a0\u00bb][et_pb_column type=\u00a0\u00bb1_2&Prime; _builder_version=\u00a0\u00bb4.27.4&Prime; _module_preset=\u00a0\u00bbdefault\u00a0\u00bb global_colors_info=\u00a0\u00bb{}\u00a0\u00bb][et_pb_text _builder_version=\u00a0\u00bb4.27.4&Prime; _module_preset=\u00a0\u00bbdefault\u00a0\u00bb custom_margin=\u00a0\u00bb-37px|||||\u00a0\u00bb global_colors_info=\u00a0\u00bb{}\u00a0\u00bb]<\/p>\n<p style=\"text-align: justify;\">Bienvenus sur le site du Cl\u00e9ricat Templier ou vous verrez l&rsquo;histoire de la Stricte Obervance Templi\u00e8re se d\u00e9rouler depuis l&rsquo;origine et jusqu&rsquo;\u00e0 nos jours!<\/p>\n<p style=\"text-align: center;\"><strong>JERUSALEM 1099<\/strong><\/p>\n<p style=\"text-align: justify;\">Godefroy de Bouillon fonde le Chapitre des Chanoines du Temple du Seigneur (Canonici Templi Domini), leur impose la r\u00e8gle de saint Augustin et les place sous l&rsquo;autorit\u00e9 du patriarche de J\u00e9rusalem.<\/p>\n<p style=\"text-align: justify;\">Ces Chanoines ou Clercs du Temple avaient h\u00e9rit\u00e9 des connaissances des Ess\u00e9niens, et en \u00e9taient rest\u00e9s les d\u00e9positaires.<\/p>\n<p style=\"text-align: justify;\">En effet une <strong>l\u00e9gende Cl\u00e9ricale<\/strong> cite: Sous le r\u00e8gne de l&rsquo;Ancienne Loi, les Ess\u00e9niens comme \u00e9tant les vrais repr\u00e9sentants de la traditions secr\u00e8te. (L.Guinet,op.cit., p.41 sp. ; J.Blum, op. cit., p. 67 spp.)<\/p>\n<p style=\"text-align: justify;\">Le Chist, \u00e9lev\u00e9 au milieu d&rsquo;eux et ayant pass\u00e9 dans leur soci\u00e9t\u00e9 la plus grande partie du temps ou il avait paru ici-bas, leur avait donn\u00e9 une connaissance plus approfindie des choses divines et leur avait appris les moyens de s&rsquo;\u00e9lever, avec l&rsquo;aide de la Gr\u00e2ce, au desus de la condition humaine et de s&rsquo;unir au Tr\u00e8s-Haut.<\/p>\n<p>[\/et_pb_text][\/et_pb_column][et_pb_column type=\u00a0\u00bb1_2&Prime; _builder_version=\u00a0\u00bb4.27.4&Prime; _module_preset=\u00a0\u00bbdefault\u00a0\u00bb global_colors_info=\u00a0\u00bb{}\u00a0\u00bb][et_pb_text _builder_version=\u00a0\u00bb4.27.4&Prime; _module_preset=\u00a0\u00bbdefault\u00a0\u00bb custom_margin=\u00a0\u00bb-40px|||||\u00a0\u00bb global_colors_info=\u00a0\u00bb{}\u00a0\u00bb]<\/p>\n<p style=\"text-align: justify;\">En d\u00e9pit des pers\u00e9cutions qu&rsquo;ils avaient subies par les Sarrasins, les Ess\u00e9niens\u00a0avaient conserv\u00e9 et s&rsquo;\u00e9taient fid\u00e8lement transmis le d\u00e9p\u00f4t sacr\u00e9 qui leur avait \u00e9t\u00e9 confi\u00e9 par le Sauveur.<\/p>\n<p style=\"text-align: justify;\">Sept d&rsquo;entre eux pour \u00e9chapper aux poursuites des infid\u00e8les, avaient cherch\u00e9 refuge aupr\u00e8s des Chanoines du Temple du Seigneur et par reconnaissance envers ceux qui les avaient recueillis, leur avaient transmis ces connaissances secr\u00e8tes.<\/p>\n<p style=\"text-align: justify;\">C&rsquo;est ainsi que la Vraie Science, que les Chanoines s&rsquo;\u00e9taient appliqu\u00e9s \u00e0 enichir encore, allait \u00eatre conserv\u00e9e dans le sein et sous le voile de l&rsquo;Ordre du Temple, jusqu&rsquo;\u00e0 sa suppression.<\/p>\n<p style=\"text-align: justify;\">En effet en 1118 Lors de la fondation de l&rsquo;Ordre du Tepmple, les Pauvres Chevaliers du Christ ou Templiers, cherchaient une demeure dans laquelle ils pourraient vivre en communaut\u00e9.<\/p>\n<p style=\"text-align: justify;\">Amaldus, le Prieur des Chanoines, leur avait accord\u00e9 le droit de loger dans le quartier conc\u00e9d\u00e9 par le Roi de J\u00e9rusalem aux desservants de l&rsquo;\u00e9glise b\u00e2tie sur les ruines du Temple de Salomon.<\/p>\n<p style=\"text-align: justify;\">Sous son successeur, Les Chanoines du Temple s&rsquo;\u00e9taient associ\u00e9s aux Templiers.<\/p>\n<p style=\"text-align: justify;\">En 1151, Andr\u00e9 de Montbard, troisi\u00e8me Prior Clericorum (Prieur Cl\u00e9rical), soumet les Chanoines \u00e0 la r\u00e8gle de saint Bernard&#8230;<\/p>\n<p>[\/et_pb_text][\/et_pb_column][\/et_pb_row][\/et_pb_section][et_pb_section fb_built=\u00a0\u00bb1&Prime; theme_builder_area=\u00a0\u00bbpost_content\u00a0\u00bb _builder_version=\u00a0\u00bb4.27.4&Prime; _module_preset=\u00a0\u00bbdefault\u00a0\u00bb][et_pb_row _builder_version=\u00a0\u00bb4.27.4&Prime; _module_preset=\u00a0\u00bbdefault\u00a0\u00bb column_structure=\u00a0\u00bb1_2,1_2&Prime; theme_builder_area=\u00a0\u00bbpost_content\u00a0\u00bb][et_pb_column _builder_version=\u00a0\u00bb4.27.4&Prime; _module_preset=\u00a0\u00bbdefault\u00a0\u00bb type=\u00a0\u00bb1_2&Prime; theme_builder_area=\u00a0\u00bbpost_content\u00a0\u00bb][et_pb_image src=\u00a0\u00bbhttps:\/\/clericat-templier.com\/wp-content\/uploads\/2026\/06\/claude.jpg\u00a0\u00bb _builder_version=\u00a0\u00bb4.27.4&Prime; _module_preset=\u00a0\u00bbdefault\u00a0\u00bb theme_builder_area=\u00a0\u00bbpost_content\u00a0\u00bb title_text=\u00a0\u00bbclaude\u00a0\u00bb hover_enabled=\u00a0\u00bb0&Prime; sticky_enabled=\u00a0\u00bb0&Prime;][\/et_pb_image][\/et_pb_column][et_pb_column _builder_version=\u00a0\u00bb4.27.4&Prime; _module_preset=\u00a0\u00bbdefault\u00a0\u00bb type=\u00a0\u00bb1_2&Prime; theme_builder_area=\u00a0\u00bbpost_content\u00a0\u00bb][et_pb_image src=\u00a0\u00bbhttps:\/\/clericat-templier.com\/wp-content\/uploads\/2026\/06\/editions.jpg\u00a0\u00bb _builder_version=\u00a0\u00bb4.27.4&Prime; _module_preset=\u00a0\u00bbdefault\u00a0\u00bb theme_builder_area=\u00a0\u00bbpost_content\u00a0\u00bb title_text=\u00a0\u00bbeditions\u00a0\u00bb url=\u00a0\u00bbhttps:\/\/latarente.fr\/accueil\/703-le-clericat-templier-9782494823556.html\u00a0\u00bb hover_enabled=\u00a0\u00bb0&Prime; sticky_enabled=\u00a0\u00bb0&Prime;][\/et_pb_image][\/et_pb_column][\/et_pb_row][\/et_pb_section]<\/p>\n","protected":false},"excerpt":{"rendered":"<p>Bienvenus sur le site du Cl\u00e9ricat Templier ou vous verrez l&rsquo;histoire de la Stricte Obervance Templi\u00e8re se d\u00e9rouler depuis l&rsquo;origine et jusqu&rsquo;\u00e0 nos jours! JERUSALEM 1099 Godefroy de Bouillon fonde le Chapitre des Chanoines du Temple du Seigneur (Canonici Templi Domini), leur impose la r\u00e8gle de saint Augustin et les place sous l&rsquo;autorit\u00e9 du patriarche [&hellip;]<\/p>\n","protected":false},"author":1,"featured_media":0,"parent":0,"menu_order":0,"comment_status":"closed","ping_status":"closed","template":"","meta":{"_et_pb_use_builder":"on","_et_pb_old_content":"","_et_gb_content_width":"","footnotes":""},"class_list":["post-17","page","type-page","status-publish","hentry"],"_links":{"self":[{"href":"https:\/\/clericat-templier.com\/index.php\/wp-json\/wp\/v2\/pages\/17","targetHints":{"allow":["GET"]}}],"collection":[{"href":"https:\/\/clericat-templier.com\/index.php\/wp-json\/wp\/v2\/pages"}],"about":[{"href":"https:\/\/clericat-templier.com\/index.php\/wp-json\/wp\/v2\/types\/page"}],"author":[{"embeddable":true,"href":"https:\/\/clericat-templier.com\/index.php\/wp-json\/wp\/v2\/users\/1"}],"replies":[{"embeddable":true,"href":"https:\/\/clericat-templier.com\/index.php\/wp-json\/wp\/v2\/comments?post=17"}],"version-history":[{"count":9,"href":"https:\/\/clericat-templier.com\/index.php\/wp-json\/wp\/v2\/pages\/17\/revisions"}],"predecessor-version":[{"id":96,"href":"https:\/\/clericat-templier.com\/index.php\/wp-json\/wp\/v2\/pages\/17\/revisions\/96"}],"wp:attachment":[{"href":"https:\/\/clericat-templier.com\/index.php\/wp-json\/wp\/v2\/media?parent=17"}],"curies":[{"name":"wp","href":"https:\/\/api.w.org\/{rel}","templated":true}]}}

<p>[et_pb_section fb_built= »1&Prime; fullwidth= »on » _builder_version= »4.27.4&Prime; _module_preset= »default » global_colors_info= »{} »][/et_pb_section][et_pb_section fb_built= »1&Prime; fullwidth= »on » _builder_version= »4.27.4&Prime; _module_preset= »default » global_colors_info= »{} »][et_pb_fullwidth_image src= »https://clericat-templier.com/wp-content/uploads/2025/04/head_hcch2.jpg » title_text= »head_hcch2&Prime; _builder_version= »4.27.4&Prime; _module_preset= »default » global_colors_info= »{} »][/et_pb_fullwidth_image][/et_pb_section][et_pb_section fb_built= »1&Prime; _builder_version= »4.27.4&Prime; _module_preset= »default » global_colors_info= »{} »][et_pb_row _builder_version= »4.27.4&Prime; _module_preset= »default » custom_margin= »-9px|auto||auto|| » global_colors_info= »{} »][et_pb_column type= »4_4&Prime; _builder_version= »4.27.4&Prime; _module_preset= »default » global_colors_info= »{} »][et_pb_image src= »https://clericat-templier.com/wp-content/uploads/2025/04/historique_clericat.png » title_text= »historique_clericat » align= »center » _builder_version= »4.27.4&Prime; _module_preset= »default » custom_margin= »-30px||||| » global_colors_info= »{} »][/et_pb_image][/et_pb_column][/et_pb_row][et_pb_row column_structure= »1_2,1_2&Prime; _builder_version= »4.27.4&Prime; _module_preset= »default » global_colors_info= »{} »][et_pb_column type= »1_2&Prime; _builder_version= »4.27.4&Prime; _module_preset= »default » global_colors_info= »{} »][et_pb_text _builder_version= »4.27.4&Prime; _module_preset= »default » custom_margin= »-37px||||| » global_colors_info= »{} »]</p>
<p style="text-align: justify;">Bienvenus sur le site du Cléricat Templier ou vous verrez l&rsquo;histoire de la Stricte Obervance Templière se dérouler depuis l&rsquo;origine et jusqu&rsquo;à nos jours!</p>
<p style="text-align: center;"><strong>JERUSALEM 1099</strong></p>
<p style="text-align: justify;">Godefroy de Bouillon fonde le Chapitre des Chanoines du Temple du Seigneur (Canonici Templi Domini), leur impose la règle de saint Augustin et les place sous l&rsquo;autorité du patriarche de Jérusalem.</p>
<p style="text-align: justify;">Ces Chanoines ou Clercs du Temple avaient hérité des connaissances des Esséniens, et en étaient restés les dépositaires.</p>
<p style="text-align: justify;">En effet une <strong>légende Cléricale</strong> cite: Sous le règne de l&rsquo;Ancienne Loi, les Esséniens comme étant les vrais représentants de la traditions secrète. (L.Guinet,op.cit., p.41 sp. ; J.Blum, op. cit., p. 67 spp.)</p>
<p style="text-align: justify;">Le Chist, élevé au milieu d&rsquo;eux et ayant passé dans leur société la plus grande partie du temps ou il avait paru ici-bas, leur avait donné une connaissance plus approfindie des choses divines et leur avait appris les moyens de s&rsquo;élever, avec l&rsquo;aide de la Grâce, au desus de la condition humaine et de s&rsquo;unir au Très-Haut.</p>
<p>[/et_pb_text][/et_pb_column][et_pb_column type= »1_2&Prime; _builder_version= »4.27.4&Prime; _module_preset= »default » global_colors_info= »{} »][et_pb_text _builder_version= »4.27.4&Prime; _module_preset= »default » custom_margin= »-40px||||| » global_colors_info= »{} »]</p>
<p style="text-align: justify;">En dépit des persécutions qu&rsquo;ils avaient subies par les Sarrasins, les Esséniens avaient conservé et s&rsquo;étaient fidèlement transmis le dépôt sacré qui leur avait été confié par le Sauveur.</p>
<p style="text-align: justify;">Sept d&rsquo;entre eux pour échapper aux poursuites des infidèles, avaient cherché refuge auprès des Chanoines du Temple du Seigneur et par reconnaissance envers ceux qui les avaient recueillis, leur avaient transmis ces connaissances secrètes.</p>
<p style="text-align: justify;">C&rsquo;est ainsi que la Vraie Science, que les Chanoines s&rsquo;étaient appliqués à enichir encore, allait être conservée dans le sein et sous le voile de l&rsquo;Ordre du Temple, jusqu&rsquo;à sa suppression.</p>
<p style="text-align: justify;">En effet en 1118 Lors de la fondation de l&rsquo;Ordre du Tepmple, les Pauvres Chevaliers du Christ ou Templiers, cherchaient une demeure dans laquelle ils pourraient vivre en communauté.</p>
<p style="text-align: justify;">Amaldus, le Prieur des Chanoines, leur avait accordé le droit de loger dans le quartier concédé par le Roi de Jérusalem aux desservants de l&rsquo;église bâtie sur les ruines du Temple de Salomon.</p>
<p style="text-align: justify;">Sous son successeur, Les Chanoines du Temple s&rsquo;étaient associés aux Templiers.</p>
<p style="text-align: justify;">En 1151, André de Montbard, troisième Prior Clericorum (Prieur Clérical), soumet les Chanoines à la règle de saint Bernard&#8230;</p>
<p>[/et_pb_text][/et_pb_column][/et_pb_row][/et_pb_section][et_pb_section fb_built= »1&Prime; theme_builder_area= »post_content » _builder_version= »4.27.4&Prime; _module_preset= »default »][et_pb_row _builder_version= »4.27.4&Prime; _module_preset= »default » column_structure= »1_2,1_2&Prime; theme_builder_area= »post_content »][et_pb_column _builder_version= »4.27.4&Prime; _module_preset= »default » type= »1_2&Prime; theme_builder_area= »post_content »][et_pb_image src= »https://clericat-templier.com/wp-content/uploads/2026/06/claude.jpg » _builder_version= »4.27.4&Prime; _module_preset= »default » theme_builder_area= »post_content » title_text= »claude » hover_enabled= »0&Prime; sticky_enabled= »0&Prime;][/et_pb_image][/et_pb_column][et_pb_column _builder_version= »4.27.4&Prime; _module_preset= »default » type= »1_2&Prime; theme_builder_area= »post_content »][et_pb_image src= »https://clericat-templier.com/wp-content/uploads/2026/06/editions.jpg » _builder_version= »4.27.4&Prime; _module_preset= »default » theme_builder_area= »post_content » title_text= »editions » url= »https://latarente.fr/accueil/703-le-clericat-templier-9782494823556.html » hover_enabled= »0&Prime; sticky_enabled= »0&Prime;][/et_pb_image][/et_pb_column][/et_pb_row][/et_pb_section]</p>

<p>Bienvenus sur le site du Cléricat Templier ou vous verrez l&rsquo;histoire de la Stricte Obervance Templière se dérouler depuis l&rsquo;origine et jusqu&rsquo;à nos jours! JERUSALEM 1099 Godefroy de Bouillon fonde le Chapitre des Chanoines du Temple du Seigneur (Canonici Templi Domini), leur impose la règle de saint Augustin et les place sous l&rsquo;autorité du patriarche [&hellip;]</p>
