{"id":79,"date":"2026-06-04T07:18:22","date_gmt":"2026-06-04T07:18:22","guid":{"rendered":"https:\/\/clericat-templier.com\/?page_id=79"},"modified":"2026-06-04T07:58:39","modified_gmt":"2026-06-04T07:58:39","slug":"le-livre","status":"publish","type":"page","link":"https:\/\/clericat-templier.com\/index.php\/le-livre\/","title":{"rendered":"LE LIVRE"},"content":{"rendered":"<p>[et_pb_section fb_built=\u00a0\u00bb1&Prime; fullwidth=\u00a0\u00bbon\u00a0\u00bb _builder_version=\u00a0\u00bb4.27.4&Prime; _module_preset=\u00a0\u00bbdefault\u00a0\u00bb global_colors_info=\u00a0\u00bb{}\u00a0\u00bb][et_pb_fullwidth_image src=\u00a0\u00bbhttps:\/\/clericat-templier.com\/wp-content\/uploads\/2025\/04\/head_hcch2.jpg\u00a0\u00bb title_text=\u00a0\u00bbhead_hcch2&Prime; _builder_version=\u00a0\u00bb4.27.4&Prime; _module_preset=\u00a0\u00bbdefault\u00a0\u00bb global_colors_info=\u00a0\u00bb{}\u00a0\u00bb][\/et_pb_fullwidth_image][\/et_pb_section][et_pb_section fb_built=\u00a0\u00bb1&Prime; _builder_version=\u00a0\u00bb4.27.4&Prime; _module_preset=\u00a0\u00bbdefault\u00a0\u00bb global_colors_info=\u00a0\u00bb{}\u00a0\u00bb][et_pb_row column_structure=\u00a0\u00bb1_2,1_2&Prime; _builder_version=\u00a0\u00bb4.27.4&Prime; _module_preset=\u00a0\u00bbdefault\u00a0\u00bb global_colors_info=\u00a0\u00bb{}\u00a0\u00bb][et_pb_column type=\u00a0\u00bb1_2&Prime; _builder_version=\u00a0\u00bb4.27.4&Prime; _module_preset=\u00a0\u00bbdefault\u00a0\u00bb global_colors_info=\u00a0\u00bb{}\u00a0\u00bb][et_pb_image src=\u00a0\u00bbhttps:\/\/clericat-templier.com\/wp-content\/uploads\/2026\/06\/livre_recto.jpg\u00a0\u00bb title_text=\u00a0\u00bblivre_recto\u00a0\u00bb _builder_version=\u00a0\u00bb4.27.4&Prime; _module_preset=\u00a0\u00bbdefault\u00a0\u00bb global_colors_info=\u00a0\u00bb{}\u00a0\u00bb][\/et_pb_image][\/et_pb_column][et_pb_column type=\u00a0\u00bb1_2&Prime; _builder_version=\u00a0\u00bb4.27.4&Prime; _module_preset=\u00a0\u00bbdefault\u00a0\u00bb global_colors_info=\u00a0\u00bb{}\u00a0\u00bb][et_pb_image src=\u00a0\u00bbhttps:\/\/clericat-templier.com\/wp-content\/uploads\/2026\/06\/livre_verso.jpg\u00a0\u00bb title_text=\u00a0\u00bblivre_verso\u00a0\u00bb _builder_version=\u00a0\u00bb4.27.4&Prime; _module_preset=\u00a0\u00bbdefault\u00a0\u00bb global_colors_info=\u00a0\u00bb{}\u00a0\u00bb][\/et_pb_image][\/et_pb_column][\/et_pb_row][\/et_pb_section][et_pb_section fb_built=\u00a0\u00bb1&Prime; _builder_version=\u00a0\u00bb4.27.4&Prime; _module_preset=\u00a0\u00bbdefault\u00a0\u00bb width=\u00a0\u00bb100%\u00a0\u00bb global_colors_info=\u00a0\u00bb{}\u00a0\u00bb][et_pb_row column_structure=\u00a0\u00bb1_3,2_3&Prime; _builder_version=\u00a0\u00bb4.27.4&Prime; _module_preset=\u00a0\u00bbdefault\u00a0\u00bb global_colors_info=\u00a0\u00bb{}\u00a0\u00bb][et_pb_column type=\u00a0\u00bb1_3&Prime; _builder_version=\u00a0\u00bb4.27.4&Prime; _module_preset=\u00a0\u00bbdefault\u00a0\u00bb global_colors_info=\u00a0\u00bb{}\u00a0\u00bb][et_pb_image src=\u00a0\u00bbhttps:\/\/clericat-templier.com\/wp-content\/uploads\/2026\/06\/claude_halmone.jpg\u00a0\u00bb title_text=\u00a0\u00bbclaude_halmone\u00a0\u00bb _builder_version=\u00a0\u00bb4.27.4&Prime; _module_preset=\u00a0\u00bbdefault\u00a0\u00bb global_colors_info=\u00a0\u00bb{}\u00a0\u00bb][\/et_pb_image][\/et_pb_column][et_pb_column type=\u00a0\u00bb2_3&Prime; _builder_version=\u00a0\u00bb4.27.4&Prime; _module_preset=\u00a0\u00bbdefault\u00a0\u00bb global_colors_info=\u00a0\u00bb{}\u00a0\u00bb][et_pb_text _builder_version=\u00a0\u00bb4.27.4&Prime; _module_preset=\u00a0\u00bbdefault\u00a0\u00bb global_colors_info=\u00a0\u00bb{}\u00a0\u00bb]<\/p>\n<h3 data-start=\"115\" data-end=\"512\" style=\"text-align: center;\">l&rsquo;auteur<\/h3>\n<h3 data-start=\"115\" data-end=\"512\" style=\"text-align: center;\"><em><strong><\/strong><\/em><\/h3>\n<h3 data-start=\"115\" data-end=\"512\" style=\"text-align: center;\"><em><strong>Claude Halmon\u00e9<\/strong><\/em><\/h3>\n<p data-start=\"115\" data-end=\"512\">N\u00e9 \u00e0 Alexandrie, en \u00c9gypte, d\u2019un p\u00e8re copte \u00e9gyptien et d\u2019une m\u00e8re italienne, Claude Halmon\u00e9 grandit dans un environnement o\u00f9 se croisent tr\u00e8s t\u00f4t plusieurs traditions culturelles et spirituelles. Form\u00e9 au Coll\u00e8ge Saint-Marc d\u2019Alexandrie, il quitte l\u2019\u00c9gypte en 1967 pour la France, avant de s\u2019installer plus tard en Haute-Savoie pour travailler en Suisse, o\u00f9 il m\u00e8nera une carri\u00e8re internationale.<\/p>\n<p data-start=\"514\" data-end=\"769\">Tr\u00e8s t\u00f4t attir\u00e9 par les dimensions symboliques et spirituelles de la tradition, il s\u2019engage dans la voie initiatique au sein de la franc-ma\u00e7onnerie, o\u00f9 il poursuivra pendant plus de quarante ans un parcours continu d\u2019\u00e9tude, de pratique et de transmission.<\/p>\n<p>[\/et_pb_text][\/et_pb_column][\/et_pb_row][et_pb_row _builder_version=\u00a0\u00bb4.27.4&Prime; _module_preset=\u00a0\u00bbdefault\u00a0\u00bb global_colors_info=\u00a0\u00bb{}\u00a0\u00bb][et_pb_column type=\u00a0\u00bb4_4&Prime; _builder_version=\u00a0\u00bb4.27.4&Prime; _module_preset=\u00a0\u00bbdefault\u00a0\u00bb global_colors_info=\u00a0\u00bb{}\u00a0\u00bb][et_pb_text _builder_version=\u00a0\u00bb4.27.4&Prime; _module_preset=\u00a0\u00bbdefault\u00a0\u00bb custom_margin=\u00a0\u00bb-44px|||||\u00a0\u00bb global_colors_info=\u00a0\u00bb{}\u00a0\u00bb]<\/p>\n<p data-start=\"771\" data-end=\"1092\">N\u00e9 dans l\u2019univers culturel et spirituel d\u2019Alexandrie, il s\u2019est \u00e9galement int\u00e9ress\u00e9 aux traditions de l\u2019ancienne \u00c9gypte et aux prolongements symboliques qu\u2019elles ont pu conna\u00eetre dans certains courants initiatiques occidentaux. Cette recherche des sources et des filiations spirituelles traverse une partie de son travail.<\/p>\n<p data-start=\"1094\" data-end=\"1451\">Issu du Rite \u00c9cossais Rectifi\u00e9, dont il a parcouru l\u2019ensemble des degr\u00e9s et assum\u00e9 les principales charges, il fut notamment pendant dix ans Grand Prieur et Grand Ma\u00eetre National du Grand Prieur\u00e9 Rectifi\u00e9 et Ind\u00e9pendant de Suisse (G.P.R.I.S.), ainsi que responsable du Coll\u00e8ge de la Profession et Grand Chancelier du Grand Orient de Suisse pendant cinq ans.<\/p>\n<p data-start=\"1453\" data-end=\"1633\">Depuis plus de vingt ans, ses recherches se sont \u00e9galement \u00e9tendues \u00e0 la Stricte Observance Templi\u00e8re, dont il a \u00e9tudi\u00e9 les structures, les rituels et les prolongements doctrinaux.<\/p>\n<p data-start=\"1635\" data-end=\"1781\">Le Cl\u00e9ricat templier s\u2019inscrit dans l\u2019aboutissement de ce parcours. Il est actuellement Grand Chancelier du Haut Chapitre Cl\u00e9rical d\u2019Helv\u00e9tie (H.C.C.H.).<\/p>\n<p data-start=\"1783\" data-end=\"1808\"><a data-start=\"1783\" data-end=\"1808\" rel=\"noopener\" target=\"_new\" class=\"decorated-link cursor-pointer\">www.clericat-templier.com<\/a><\/p>\n<p data-start=\"1810\" data-end=\"1832\"><a data-start=\"1810\" data-end=\"1832\" rel=\"noopener\" target=\"_new\" class=\"decorated-link cursor-pointer\">www.parfaite-union.com<\/a><\/p>\n<p>[\/et_pb_text][\/et_pb_column][\/et_pb_row][\/et_pb_section][et_pb_section fb_built=\u00a0\u00bb1&Prime; _builder_version=\u00a0\u00bb4.27.4&Prime; _module_preset=\u00a0\u00bbdefault\u00a0\u00bb global_colors_info=\u00a0\u00bb{}\u00a0\u00bb][et_pb_row column_structure=\u00a0\u00bb1_2,1_2&Prime; _builder_version=\u00a0\u00bb4.27.4&Prime; _module_preset=\u00a0\u00bbdefault\u00a0\u00bb global_colors_info=\u00a0\u00bb{}\u00a0\u00bb][et_pb_column type=\u00a0\u00bb1_2&Prime; _builder_version=\u00a0\u00bb4.27.4&Prime; _module_preset=\u00a0\u00bbdefault\u00a0\u00bb global_colors_info=\u00a0\u00bb{}\u00a0\u00bb][et_pb_image src=\u00a0\u00bbhttps:\/\/clericat-templier.com\/wp-content\/uploads\/2026\/06\/claude.jpg\u00a0\u00bb _builder_version=\u00a0\u00bb4.27.4&Prime; _module_preset=\u00a0\u00bbdefault\u00a0\u00bb title_text=\u00a0\u00bbclaude\u00a0\u00bb hover_enabled=\u00a0\u00bb0&Prime; sticky_enabled=\u00a0\u00bb0&Prime;][\/et_pb_image][\/et_pb_column][et_pb_column type=\u00a0\u00bb1_2&Prime; _builder_version=\u00a0\u00bb4.27.4&Prime; _module_preset=\u00a0\u00bbdefault\u00a0\u00bb global_colors_info=\u00a0\u00bb{}\u00a0\u00bb][et_pb_image src=\u00a0\u00bbhttps:\/\/clericat-templier.com\/wp-content\/uploads\/2026\/06\/editions.jpg\u00a0\u00bb _builder_version=\u00a0\u00bb4.27.4&Prime; _module_preset=\u00a0\u00bbdefault\u00a0\u00bb title_text=\u00a0\u00bbeditions\u00a0\u00bb url=\u00a0\u00bbhttps:\/\/latarente.fr\/accueil\/703-le-clericat-templier-9782494823556.html\u00a0\u00bb hover_enabled=\u00a0\u00bb0&Prime; sticky_enabled=\u00a0\u00bb0&Prime;][\/et_pb_image][\/et_pb_column][\/et_pb_row][\/et_pb_section]<\/p>\n","protected":false},"excerpt":{"rendered":"<p>l&rsquo;auteur Claude Halmon\u00e9 N\u00e9 \u00e0 Alexandrie, en \u00c9gypte, d\u2019un p\u00e8re copte \u00e9gyptien et d\u2019une m\u00e8re italienne, Claude Halmon\u00e9 grandit dans un environnement o\u00f9 se croisent tr\u00e8s t\u00f4t plusieurs traditions culturelles et spirituelles. Form\u00e9 au Coll\u00e8ge Saint-Marc d\u2019Alexandrie, il quitte l\u2019\u00c9gypte en 1967 pour la France, avant de s\u2019installer plus tard en Haute-Savoie pour travailler en [&hellip;]<\/p>\n","protected":false},"author":1,"featured_media":0,"parent":0,"menu_order":0,"comment_status":"closed","ping_status":"closed","template":"","meta":{"_et_pb_use_builder":"on","_et_pb_old_content":"","_et_gb_content_width":"","footnotes":""},"class_list":["post-79","page","type-page","status-publish","hentry"],"_links":{"self":[{"href":"https:\/\/clericat-templier.com\/index.php\/wp-json\/wp\/v2\/pages\/79","targetHints":{"allow":["GET"]}}],"collection":[{"href":"https:\/\/clericat-templier.com\/index.php\/wp-json\/wp\/v2\/pages"}],"about":[{"href":"https:\/\/clericat-templier.com\/index.php\/wp-json\/wp\/v2\/types\/page"}],"author":[{"embeddable":true,"href":"https:\/\/clericat-templier.com\/index.php\/wp-json\/wp\/v2\/users\/1"}],"replies":[{"embeddable":true,"href":"https:\/\/clericat-templier.com\/index.php\/wp-json\/wp\/v2\/comments?post=79"}],"version-history":[{"count":6,"href":"https:\/\/clericat-templier.com\/index.php\/wp-json\/wp\/v2\/pages\/79\/revisions"}],"predecessor-version":[{"id":94,"href":"https:\/\/clericat-templier.com\/index.php\/wp-json\/wp\/v2\/pages\/79\/revisions\/94"}],"wp:attachment":[{"href":"https:\/\/clericat-templier.com\/index.php\/wp-json\/wp\/v2\/media?parent=79"}],"curies":[{"name":"wp","href":"https:\/\/api.w.org\/{rel}","templated":true}]}}

<p>[et_pb_section fb_built= »1&Prime; fullwidth= »on » _builder_version= »4.27.4&Prime; _module_preset= »default » global_colors_info= »{} »][et_pb_fullwidth_image src= »https://clericat-templier.com/wp-content/uploads/2025/04/head_hcch2.jpg » title_text= »head_hcch2&Prime; _builder_version= »4.27.4&Prime; _module_preset= »default » global_colors_info= »{} »][/et_pb_fullwidth_image][/et_pb_section][et_pb_section fb_built= »1&Prime; _builder_version= »4.27.4&Prime; _module_preset= »default » global_colors_info= »{} »][et_pb_row column_structure= »1_2,1_2&Prime; _builder_version= »4.27.4&Prime; _module_preset= »default » global_colors_info= »{} »][et_pb_column type= »1_2&Prime; _builder_version= »4.27.4&Prime; _module_preset= »default » global_colors_info= »{} »][et_pb_image src= »https://clericat-templier.com/wp-content/uploads/2026/06/livre_recto.jpg » title_text= »livre_recto » _builder_version= »4.27.4&Prime; _module_preset= »default » global_colors_info= »{} »][/et_pb_image][/et_pb_column][et_pb_column type= »1_2&Prime; _builder_version= »4.27.4&Prime; _module_preset= »default » global_colors_info= »{} »][et_pb_image src= »https://clericat-templier.com/wp-content/uploads/2026/06/livre_verso.jpg » title_text= »livre_verso » _builder_version= »4.27.4&Prime; _module_preset= »default » global_colors_info= »{} »][/et_pb_image][/et_pb_column][/et_pb_row][/et_pb_section][et_pb_section fb_built= »1&Prime; _builder_version= »4.27.4&Prime; _module_preset= »default » width= »100% » global_colors_info= »{} »][et_pb_row column_structure= »1_3,2_3&Prime; _builder_version= »4.27.4&Prime; _module_preset= »default » global_colors_info= »{} »][et_pb_column type= »1_3&Prime; _builder_version= »4.27.4&Prime; _module_preset= »default » global_colors_info= »{} »][et_pb_image src= »https://clericat-templier.com/wp-content/uploads/2026/06/claude_halmone.jpg » title_text= »claude_halmone » _builder_version= »4.27.4&Prime; _module_preset= »default » global_colors_info= »{} »][/et_pb_image][/et_pb_column][et_pb_column type= »2_3&Prime; _builder_version= »4.27.4&Prime; _module_preset= »default » global_colors_info= »{} »][et_pb_text _builder_version= »4.27.4&Prime; _module_preset= »default » global_colors_info= »{} »]</p>
<h3 data-start="115" data-end="512" style="text-align: center;">l&rsquo;auteur</h3>
<h3 data-start="115" data-end="512" style="text-align: center;"><em><strong></strong></em></h3>
<h3 data-start="115" data-end="512" style="text-align: center;"><em><strong>Claude Halmoné</strong></em></h3>
<p data-start="115" data-end="512">Né à Alexandrie, en Égypte, d’un père copte égyptien et d’une mère italienne, Claude Halmoné grandit dans un environnement où se croisent très tôt plusieurs traditions culturelles et spirituelles. Formé au Collège Saint-Marc d’Alexandrie, il quitte l’Égypte en 1967 pour la France, avant de s’installer plus tard en Haute-Savoie pour travailler en Suisse, où il mènera une carrière internationale.</p>
<p data-start="514" data-end="769">Très tôt attiré par les dimensions symboliques et spirituelles de la tradition, il s’engage dans la voie initiatique au sein de la franc-maçonnerie, où il poursuivra pendant plus de quarante ans un parcours continu d’étude, de pratique et de transmission.</p>
<p>[/et_pb_text][/et_pb_column][/et_pb_row][et_pb_row _builder_version= »4.27.4&Prime; _module_preset= »default » global_colors_info= »{} »][et_pb_column type= »4_4&Prime; _builder_version= »4.27.4&Prime; _module_preset= »default » global_colors_info= »{} »][et_pb_text _builder_version= »4.27.4&Prime; _module_preset= »default » custom_margin= »-44px||||| » global_colors_info= »{} »]</p>
<p data-start="771" data-end="1092">Né dans l’univers culturel et spirituel d’Alexandrie, il s’est également intéressé aux traditions de l’ancienne Égypte et aux prolongements symboliques qu’elles ont pu connaître dans certains courants initiatiques occidentaux. Cette recherche des sources et des filiations spirituelles traverse une partie de son travail.</p>
<p data-start="1094" data-end="1451">Issu du Rite Écossais Rectifié, dont il a parcouru l’ensemble des degrés et assumé les principales charges, il fut notamment pendant dix ans Grand Prieur et Grand Maître National du Grand Prieuré Rectifié et Indépendant de Suisse (G.P.R.I.S.), ainsi que responsable du Collège de la Profession et Grand Chancelier du Grand Orient de Suisse pendant cinq ans.</p>
<p data-start="1453" data-end="1633">Depuis plus de vingt ans, ses recherches se sont également étendues à la Stricte Observance Templière, dont il a étudié les structures, les rituels et les prolongements doctrinaux.</p>
<p data-start="1635" data-end="1781">Le Cléricat templier s’inscrit dans l’aboutissement de ce parcours. Il est actuellement Grand Chancelier du Haut Chapitre Clérical d’Helvétie (H.C.C.H.).</p>
<p data-start="1783" data-end="1808"><a data-start="1783" data-end="1808" rel="noopener" target="_new" class="decorated-link cursor-pointer">www.clericat-templier.com</a></p>
<p data-start="1810" data-end="1832"><a data-start="1810" data-end="1832" rel="noopener" target="_new" class="decorated-link cursor-pointer">www.parfaite-union.com</a></p>
<p>[/et_pb_text][/et_pb_column][/et_pb_row][/et_pb_section][et_pb_section fb_built= »1&Prime; _builder_version= »4.27.4&Prime; _module_preset= »default » global_colors_info= »{} »][et_pb_row column_structure= »1_2,1_2&Prime; _builder_version= »4.27.4&Prime; _module_preset= »default » global_colors_info= »{} »][et_pb_column type= »1_2&Prime; _builder_version= »4.27.4&Prime; _module_preset= »default » global_colors_info= »{} »][et_pb_image src= »https://clericat-templier.com/wp-content/uploads/2026/06/claude.jpg » _builder_version= »4.27.4&Prime; _module_preset= »default » title_text= »claude » hover_enabled= »0&Prime; sticky_enabled= »0&Prime;][/et_pb_image][/et_pb_column][et_pb_column type= »1_2&Prime; _builder_version= »4.27.4&Prime; _module_preset= »default » global_colors_info= »{} »][et_pb_image src= »https://clericat-templier.com/wp-content/uploads/2026/06/editions.jpg » _builder_version= »4.27.4&Prime; _module_preset= »default » title_text= »editions » url= »https://latarente.fr/accueil/703-le-clericat-templier-9782494823556.html » hover_enabled= »0&Prime; sticky_enabled= »0&Prime;][/et_pb_image][/et_pb_column][/et_pb_row][/et_pb_section]</p>

<p>l&rsquo;auteur Claude Halmoné Né à Alexandrie, en Égypte, d’un père copte égyptien et d’une mère italienne, Claude Halmoné grandit dans un environnement où se croisent très tôt plusieurs traditions culturelles et spirituelles. Formé au Collège Saint-Marc d’Alexandrie, il quitte l’Égypte en 1967 pour la France, avant de s’installer plus tard en Haute-Savoie pour travailler en [&hellip;]</p>
